n l is divided by 141?
136
Let d be (-10)/40 - (-375)/12. Suppose h + 4*w = 11, -d*h - 2*w + 83 = -28*h. Calculate the remainder when 111 is divided by h.
18
Let n = 170 - 148. Let a(i) = -i**2 - i + 175. What is the remainder when a(0) is divided by n?
21
Suppose -104*f + 159360 = -25*f + f. Calculate the remainder when f is divided by 65.
42
Let d = 3800 + -3792. Let m(g) = 5*g**2 - g + 1. Let q be m(-2). Suppose i - 4*y = y + q, 4*i - 42 = -5*y. What is the remainder when i is divided by d?
5
Suppose -19*d + 127 - 51 = 0. Suppose d*k - 384 = k. What is the remainder when k is divided by 43?
42
Suppose -3*p - 72 + 933 = 3*u, -p - 5*u + 291 = 0. What is the remainder when p is divided by 76?
58
Let d be (6/8*(-8)/(-6))/1. Calculate the remainder when 0 - (d/3)/((-11)/132) is divided by 4.
0
Let p(m) = 3*m**2 - 634*m + 1481. What is the remainder when 159*(-2)/18*-3 is divided by p(209)?
17
Suppose -6*o + 3*o + 1176 = 0. Suppose g = 5*b + 136, -3*g + o = b - 0*b. Calculate the remainder when g is divided by 22.
21
Let q(m) = -2*m**2 - 10*m + 13. Let w(r) = -2*r. Let v be w(4). Let x be q(v). What is the remainder when (21/x)/(1/(-15)) is divided by 2?
1
Let o be -2541*(-6 + (-288)/(-56)). Suppose -582 = 19*g - o. What is the remainder when 586 is divided by g?
82
Suppose 4*n - 3*a = 56, 0 = -0*n - 2*n + 4*a + 28. Let u be 3 - (n*6)/3. Let o = u + 32. Calculate the remainder when o is divided by 3.
1
Let g(f) = -2*f**3 + 10*f + 12. Let c be g(5). Let b = c + 249. What is the remainder when 243 is divided by b?
60
Let s(i) = 742*i + 742*i - 1492*i - 41. What is the remainder when s(-10) is divided by 3?
0
Suppose -2*x + 0*x + 35 = k, 0 = 5*k - x - 153. Suppose -2*c + 16*y = -252, c - 58 = -4*y - 16. What is the remainder when c is divided by k?
8
Let b(v) = -23*v**2 + 18*v**3 - 1 - 19*v**3 + 50*v**2 - 20*v**2 - 62*v - 21*v**2. What is the remainder when b(-8) is divided by 14?
13
Suppose -3*t = 4*f + 931, -5*t = -3*f - f + 1509. Let q = t + 447. Calculate the remainder when q is divided by 8.
6
Calculate the remainder when 41537 is divided by -3 + 59 + ((-99)/22)/(6/(-8)).
59
Suppose 0 = 4*m + 4*r + 16, -3*r = 13 + 2. What is the remainder when 167 is divided by -5*35/(-50)*8/m?
27
Let h be 11/44 + 35/4. Suppose -3*c = h, 3*a + 4 = -4*c + 1. Let p(o) = 6*o - 3. What is the remainder when p(a) is divided by 5?
0
Suppose 0 = 203*x - 214*x + 198. What is the remainder when 213 is divided by x?
15
Suppose 3*g - 15 = -3*n, -7*n = -5*g - 9*n + 22. Suppose g*y - 116 = -4*i, -5*y - 15*i + 11*i + 142 = 0. What is the remainder when y is divided by 5?
1
Calculate the remainder when (89 - 101)/(1/(-22)) is divided by 127.
10
Suppose 6312 = 105*y - 93*y. Suppose -163 = -13*o + y. Calculate the remainder when 102 is divided by o.
49
Let h(f) = -3*f**3 + f**2 + 50*f + 105. What is the remainder when 14218 is divided by h(-3)?
43
Suppose 559 + 315 = 23*v. Suppose 2*u - r - 5 = 0, -26 = -u + 4*r - 6. Suppose u = -2*x + 19 - 9. What is the remainder when v is divided by x?
3
Let t = -1347 + 1369. Calculate the remainder when 48 is divided by t.
4
Let k(q) = 18*q**2 + 34*q + 272. Calculate the remainder when k(-8) is divided by 83.
73
Let b(x) = -1219*x + 47. Let g = 82 + -55. Calculate the remainder when b(0) is divided by g.
20
What is the remainder when 1817 is divided by 1085/154 - 8/176?
4
Let r be ((-4)/(-2))/(1*8/44). Suppose 8 - r = -o. Suppose l + o*l - 368 = 0. What is the remainder when l is divided by 25?
17
Let c = 240 + -141. Let u(x) = -11909*x - 82475. Calculate the remainder when u(-7) is divided by c.
96
What is the remainder when 673 is divided by 5 + (-28)/(-7 + 6)?
13
Let p be (-2)/(189/183 + -1). Let s = 63 + p. Suppose -99 = s*b - 11*b. What is the remainder when 38 is divided by b?
5
Let v(l) = -l**2 - 2*l + 41. Suppose i = -3*c + 54, -3*c = 3*i - 6*c - 174. Suppose i = 6*q - 915. What is the remainder when q is divided by v(0)?
39
Let b be (-32 - -41)*(0 + 2)/6. Suppose -b*x + 2402 = -m - 0*m, -5*x + 4008 = 3*m. Calculate the remainder when x is divided by 73.
71
Let s(f) = 16*f**2. Suppose -k + 5*t - 8 = -3*k, -5*k = -2*t + 9. What is the remainder when 78 is divided by s(k)?
14
Suppose 2*m = 28 + 32. Let s = -26 - -34. Let o(q) = 2*q**2 - 3*q + 12. Calculate the remainder when o(s) is divided by m.
26
Let j = 193 - 149. Suppose -4*l + 6*l - 79 = -3*z, 3*z - 5*l - j = 0. What is the remainder when z is divided by 6?
5
Let d(a) = 2*a**2 + 274. What is the remainder when d(9) is divided by 23?
22
Calculate the remainder when (80/32 - (-764)/(-8))*-1 is divided by 2.
1
Suppose -41 = 6*o - 7*o. Let f(y) = -62*y + 7. What is the remainder when o is divided by f(0)?
6
Let r(b) = b**2 - 5*b - 8. Let j be r(7). Let c(z) = 10 + 10*z - 13 - 8*z + 9. What is the remainder when 67 is divided by c(j)?
13
Suppose -3*k = 6 + 12. Let d(x) = 19*x + 130. Calculate the remainder when 141 is divided by d(k).
13
Let d(j) = 3*j + 78. Let o be d(-21). Suppose -i = -0 - o. What is the remainder when 72 is divided by i?
12
Suppose 152*p - 1173 = 2987 + 1616. What is the remainder when p is divided by 1/((1/1)/11)?
5
Let n be 348/(-8) + (-12)/8. Let j be (-176)/18 - (-10)/n. What is the remainder when 35 is divided by (-12)/(-3) - j/2?
8
Let r = 12231 + -11873. Calculate the remainder when 1091 is divided by r.
17
Let n(p) = -4*p**3 - 21*p**2 + 43*p + 11. Calculate the remainder when 1683 is divided by n(-9).
5
Suppose -1858 = 16*u + 3582. Let s = 382 + u. Calculate the remainder when 124 is divided by s.
40
Let h(v) = 2*v**3 - 24*v**2 - 56*v + 819. Calculate the remainder when h(13) is divided by 220.
209
Suppose 0 = 43*c + 49*c - 16*c - 97204. What is the remainder when c is divided by 637?
5
Suppose 16*u = 11*u + 10, -4*f + 3354 = u. Suppose -8*g = -f - 562. What is the remainder when g is divided by 16?
15
Suppose -137 + 35 = -3*s. Let a = -14135 + 14147. Calculate the remainder when s is divided by a.
10
Suppose -91*o = 101*o - 794880. Calculate the remainder when o is divided by 28.
24
What is the remainder when -8 + 10 + 464 + 4 is divided by 2512/32 - (-1)/2?
75
Let g(r) = -4*r**3 - 5*r**2 + 4*r - 1. What is the remainder when 528 is divided by g(-4)?
51
Suppose -62*n - 63*n = -74625. Calculate the remainder when n is divided by 45.
12
Suppose 1624 = -5*z + 12*z. Suppose 3*q - 3*h - 23 = -2*h, 0 = -2*q + h + 17. What is the remainder when (5/10*-3)/((-6)/z) is divided by q?
4
Let g(d) = d**3 + 6*d**2 - 10*d. Suppose -6*v + 15*v - 810 = 0. Suppose -4*q - 82 = -2*o, 5*o - q - 88 = v. Calculate the remainder when o is divided by g(-7).
14
Let k = 106 - 46. Let m = -70217 + 70237. Calculate the remainder when k is divided by m.
0
Let h = -46 - -53. Suppose -h*o + 1690 = 710. Calculate the remainder when o is divided by 48.
44
Let x(o) = -o**3 + 22*o**2 + 8*o - 15. Let h be x(23). Let z = 370 + h. What is the remainder when 38 is divided by z?
8
What is the remainder when (((-2)/1)/(-4))/((-10)/(-17400)) is divided by 171?
15
Let x(i) = 40*i**3 - 2*i - 1. Let h be x(-1). Let g = -29 - h. Suppose -a + g = a. What is the remainder when 24 is divided by a?
4
Suppose -2*t = 2*m + 234, 4*t - t + 2*m + 351 = 0. Let f = t - -169. Suppose 50 = 5*c + 4*u, -5*c - 2*u = -8 - f. What is the remainder when 17 is divided by c?
3
What is the remainder when (-3)/(-9)*(1226 - -31) is divided by 97?
31
Suppose 0 = -4*k - 374 + 406. Let h(r) = r**3 - 25*r**2 + 26*r + 2. What is the remainder when h(24) is divided by k?
2
Suppose -3*q = 2*r - 121, 33 = 3*q - 2*q - 3*r. Let k(z) = -7*z + 7. Let h be ((-40)/28)/2 - (-2)/(-7). What is the remainder when q is divided by k(h)?
11
Let w(u) = u**2 - 4. Let j = 456 - 275. Suppose 11*g - j = 292. What is the remainder when g is divided by w(-3)?
3
Let h = -28 + 36. Let r be (h - -1)*(9 + -8). Let w(i) = i**3 - 8*i**2 - 4*i + 4. Calculate the remainder when w(r) is divided by 13.
10
Suppose -3*k - 2*m + 907 = 0, 7*k - 6*k - 2*m - 305 = 0. Suppose 0 = 14*q + k - 1003. Calculate the remainder when q is divided by 18.
14
Suppose 20*k = 86229 - 22889. What is the remainder when k is divided by 127?
119
Let l = 199 - 393. Let a = l - -206. What is the remainder when 68 is divided by a?
8
Suppose 0 = -21*k + 1482 - 369. Suppose -2*j + 15 + 